osite number?
True
Is 45865 prime?
False
Is 840547 composite?
False
Is 47599 composite?
False
Is 48562 composite?
True
Is 223959 a composite number?
True
Is 88589 a prime number?
True
Is 21785 a composite number?
True
Is 515 composite?
True
Is 569521 prime?
False
Is 7247 a composite number?
False
Is 227663 composite?
False
Is 25663 prime?
False
Is 2051 a prime number?
False
Is 27647 a prime number?
True
Is 22051 a prime number?
True
Is 7057 a composite number?
False
Is 6047 a prime number?
True
Is 1096073 a prime number?
False
Is 106207 composite?
False
Is 154739 composite?
True
Is 2459 a prime number?
True
Is 12779 prime?
False
Is 70937 composite?
False
Is 389057 a composite number?
False
Is 93629 prime?
True
Is 125549 a prime number?
False
Is 15871 a composite number?
True
Is 94771 prime?
True
Is 13093 a prime number?
True
Is 13229 composite?
False
Is 19181 a prime number?
True
Is 28901 a prime number?
True
Is 23327 prime?
True
Is 166597 a composite number?
False
Is 286205 a composite number?
True
Is 65629 composite?
False
Is 3103 a composite number?
True
Is 812857 a composite number?
False
Is 1903 a composite number?
True
Is 2296259 a prime number?
False
Is 533363 a composite number?
False
Is 12106 composite?
True
Is 506603 prime?
False
Is 72983 prime?
False
Is 839203 a composite number?
False
Is 5539 composite?
True
Is 1371 a composite number?
True
Is 215 composite?
True
Is 431191 a prime number?
True
Is 11777 a prime number?
True
Is 4286 prime?
False
Is 41507 prime?
True
Is 80117 prime?
False
Is 60073 a composite number?
True
Is 330821 prime?
True
Is 22879 prime?
False
Is 3355193 a prime number?
True
Is 5183 a prime number?
False
Is 128509 a prime number?
True
Is 1105259 a prime number?
False
Is 71787 a composite number?
True
Is 10807 prime?
False
Is 419591 a composite number?
False
Is 139391 composite?
True
Is 30293 a prime number?
True
Is 541 a prime number?
True
Is 174851 a prime number?
True
Is 148997 a prime number?
True
Is 196139 composite?
False
Is 802643 a composite number?
False
Is 84603 a composite number?
True
Is 15761 composite?
False
Is 237 prime?
False
Is 24943 prime?
True
Is 18539 composite?
False
Is 24763 a prime number?
True
Is 301571 composite?
True
Is 5496089 a composite number?
False
Is 84947 prime?
True
Is 379693 a composite number?
False
Is 19841 composite?
False
Is 14254 a composite number?
True
Is 270223 a prime number?
True
Is 2287171 prime?
True
Is 79099 prime?
False
Is 359 composite?
False
Is 1194631 prime?
True
Is 2100041 a prime number?
True
Is 359 prime?
True
Is 4561 prime?
True
Is 1454 composite?
True
Is 25079 a prime number?
False
Is 71107 a prime number?
False
Is 71069 a prime number?
True
Is 13649 composite?
False
Is 6485 a composite number?
True
Is 205207 a composite number?
True
Is 7279 prime?
False
Is 1188383 a composite number?
True
Is 4282 a composite number?
True
Is 369557 composite?
False
Is 27829 prime?
False
Is 21557 prime?
True
Is 149983 composite?
True
Is 136573 a composite number?
False
Is 345329 a composite number?
False
Is 5723 a prime number?
False
Is 7069 a composite number?
False
Is 162767 composite?
True
Is 140347 a prime number?
False
Is 112667 a composite number?
True
Is 6143 prime?
True
Is 11149 a composite number?
False
Is 853 prime?
True
Is 36133 prime?
False
Is 173587 composite?
True
Is 80515 prime?
False
Is 61861 prime?
True
Is 11311 a composite number?
False
Is 4847 a prime number?
False
Is 294537 a prime number?
False
Is 324055 prime?
False
Is 72421 prime?
True
Is 154273 a prime number?
False
Is 53471 prime?
False
Is 5303 prime?
True
Is 23699 a prime number?
False
Is 1643467 composite?
True
Is 7861 a composite number?
True
Is 2573 a prime number?
False
Is 1367953 composite?
False
Is 334319 a prime number?
True
Is 75619 composite?
False
Is 24841 prime?
True
Is 4143 composite?
True
Is 3393205 a composite number?
True
Is 312181 prime?
False
Is 44789 a composite number?
False
Is 26135 composite?
True
Is 13891 prime?
False
Is 1613761 a composite number?
False
Is 188759 a prime number?
False
Is 104147 composite?
False
Is 783527 composite?
False
Is 40459 prime?
True
Is 4393 prime?
False
Is 188159 prime?
True
Is 23209 prime?
True
Is 62389 a composite number?
True
Is 170327 a composite number?
False
Is 537 prime?
False
Is 1586641 a composite number?
True
Is 61453 a composite number?
True
Is 953077 a composite number?
False
Is 171619 prime?
False
Is 4547 a prime number?
True
Is 12511 a prime number?
True
Is 415441 a prime number?
False
Is 90971 a prime number?
True
Is 99559 composite?
False
Is 2243 prime?
True
Is 23683 a composite number?
True
Is 1491911 prime?
True
Is 186889 composite?
False
Is 8063 a prime number?
False
Is 70937 a composite number?
False
Is 2557 a composite number?
False
Is 6005 composite?
True
Is 32749 prime?
True
Is 87415 composite?
True
Is 5059 composite?
False
Is 39499 prime?
True
Is 63049 prime?
False
Is 138041 a composite number?
False
Is 364411 a prime number?
True
Is 22861 prime?
True
Is 216607 composite?
False
Is 531242 a prime number?
False
Is 7069 prime?
True
Is 579859 prime?
False
Is 23209 composite?
False
Is 11878 a prime number?
False
Is 77329 prime?
False
Is 783985 composite?
True
Is 20635 prime?
False
Is 73301 a composite number?
True
Is 306239 composite?
False
Is 1038599 a composite number?
False
Is 2893 prime?
False
Is 2223197 a prime number?
True
Is 62917 a prime number?
False
Is 15869 a composite number?
True
Is 5455 prime?
False
Is 200323 composite?
False
Is 31951 prime?
False
Is 9249 composite?
True
Is 15501 prime?
False
Is 504527 composite?
False
Is 79109 a composite number?
True
Is 241511 prime?
True
Is 142357 composite?
False
Is 8899 composite?
True
Is 576922 a composite number?
True
Is 6521 prime?
True
Is 53309 a composite number?
False
Is 851 composite?
True
Is 28643 composite?
False
Is 1959173 a prime number?
True
Is 53141 a prime number?
False
Is 4478137 a prime number?
True
Is 961393 a composite number?
False
Is 47371 composite?
True
Is 3557 prime?
True
Is 1494851 composite?
True
Is 871589 a prime number?
True
Is 2153 composite?
False
Is 1151 a prime number?
True
Is 128729 a prime number?
False
Is 1211053 prime?
False
Is 6899 a composite number?
False
Is 118061 composite?
False
Is 49193 a prime number?
True
Is 20897 prime?
True
Is 19957 prime?
False
Is 4367 a prime number?
False
Is 1327591 a composite number?
True
Is 437 a prime number?
False
Is 68833 composite?
True
Is 1252409 composite?
True
Is 18391 a composite number?
True
Is 15863 a composite number?
True
Is 10771 prime?
True
Is 33133 a prime number?
False
Is 518845 a composite number?
True
Is 117751 a prime number?
True
Is 877177 a prime number?
False
Is 90943 a composite number?
True
Is 360013 a prime number?
False
Is 34967 a prime number?
False
Is 6245 a composite number?
True
Is 319049 a composite number?
False
Is 318569 a prime number?
True
Is 15527 composite?
False
Is 83101 a prime number?
True
Is 9001 composite?
False
Is 1552289 composite?
False
Is 35537 prime?
True
Is 29773 composite?
True
Is 6749 a composite number?
True
Is 24835 prime?
False
Is 751 a composite number?
False
Is 16631 a prime number?
True
Is 11686 prime?
False
Is 16447 a prime number?
True
Is 1126039 a composite number?
True
Is 16358 composite?
True
Is 26561 a composite number?
False
Is 29987 a composite number?
True
Is 553973 composite?
True
Is 5587 a prime number?
False
Is 23107 prime?
False
Is 1543 composite?
False
Is 55801 a composite number?
True
Is 56081 a prime number?
True
Is 4289 a prime number?
True
Is 1117 composite?
False
Is 116431 composite?
True
Is 4237 prime?
False
Is 98369 composite?
False
Is 98545 prime?
False
Is 122 prime?
False
Is 140039 composite?
True
Is 449 prime?
True
Is 11819 prime?
False
Is 222511 a composite number?
False
Is 4397 a prime number?
True
Is 34807 prime?
True
Is 2415085 a prime number?
False
Is 11579 a prime number?
True
Is 1632291 a prime number?
False
Is 581923 a prime number?
False
Is 572279 a prime number?
False
Is 31121 composite?
False
Is 14369 composite?
False
Is 16603 a composite number?
False
Is 49483 a composite number?
True
Is 87421 a composite number?
False
Is 345863 a prime number?
False
Is 11237 composite?
True
Is 2099 prime?
True
Is 4387 a composite numb